Does 10 divide 63421574?
False
Does 213 divide 3166671?
True
Does 248 divide 224023112?
True
Does 31 divide 1044328?
True
Is 465 a factor of 233671611?
False
Does 643 divide 4669822865?
True
Does 10 divide 281803530?
True
Is 1362493 a multiple of 10?
False
Is 29874263 a multiple of 29?
True
Is 116 a factor of 94876284?
True
Does 576 divide 210623040?
True
Is 3365157 a multiple of 251?
True
Is 343804431 a multiple of 42?
False
Does 17 divide 19226218?
True
Is 1211816150 a multiple of 7?
False
Is 135599332 a multiple of 341?
True
Is 274 a factor of 106554881?
False
Is 41730450 a multiple of 206?
True
Is 34 a factor of 6983124?
True
Is 69231990 a multiple of 465?
True
Is 125 a factor of 59238375?
True
Is 51386422 a multiple of 72?
False
Is 65132697 a multiple of 21?
True
Does 2400 divide 580379874?
False
Is 260961822 a multiple of 33?
True
Is 1631 a factor of 48868022?
True
Is 14 a factor of 65361912?
True
Is 310 a factor of 430178630?
True
Is 2136915627 a multiple of 98?
False
Does 13 divide 149909419?
False
Does 17 divide 120033345?
True
Is 89134644 a multiple of 256?
False
Is 555531100 a multiple of 3?
False
Does 1932 divide 295139111?
False
Is 38 a factor of 156089636?
True
Is 32 a factor of 661034893?
False
Is 20209310 a multiple of 451?
True
Is 156272373 a multiple of 26?
False
Does 50 divide 5427911096?
False
Is 937962092 a multiple of 1252?
True
Is 11 a factor of 38968775?
False
Does 229 divide 2415268267?
True
Is 1045 a factor of 399764501?
False
Does 55 divide 192171210?
True
Is 40258798 a multiple of 58?
False
Is 3193488 a multiple of 18?
True
Does 26 divide 2170541100?
True
Is 25 a factor of 172993265?
False
Does 381 divide 3498723?
True
Is 121484939 a multiple of 31?
True
Does 410 divide 176372570?
True
Is 1290 a factor of 65490720?
True
Is 40 a factor of 50052078?
False
Is 654 a factor of 52334388?
True
Is 542 a factor of 161732369?
False
Does 146 divide 16925266?
False
Is 15454547 a multiple of 17?
True
Is 360726264 a multiple of 408?
True
Is 987329 a multiple of 47?
True
Does 32 divide 428422688?
True
Is 1169207560 a multiple of 380?
True
Is 121766776 a multiple of 106?
False
Is 27 a factor of 27599464?
False
Is 819119928 a multiple of 12?
True
Does 1912 divide 591310856?
True
Is 37350614 a multiple of 7?
True
Is 478 a factor of 5047202?
True
Is 293 a factor of 3240513489?
True
Is 1817 a factor of 258473037?
False
Is 1757 a factor of 74062821?
True
Does 1313 divide 225578652?
True
Is 583 a factor of 22194810?
True
Is 134640968 a multiple of 101?
False
Is 4223 a factor of 104641717?
True
Does 15 divide 164941695?
True
Does 39 divide 115061115?
True
Is 3114384 a multiple of 104?
True
Is 55 a factor of 71755365?
True
Does 52 divide 2744009?
False
Does 26 divide 191727493?
False
Is 1375 a factor of 53504000?
True
Does 82 divide 790589098?
False
Does 1950 divide 59726240?
False
Does 27 divide 1725510649?
False
Is 204757545 a multiple of 383?
True
Is 558 a factor of 3469266792?
True
Is 4872 a factor of 193423272?
True
Is 5 a factor of 4936000?
True
Is 2271430222 a multiple of 4847?
True
Does 2 divide 7967372?
True
Is 747 a factor of 277844409?
True
Does 1702 divide 1098654?
False
Is 3720 a factor of 29674440?
True
Is 514 a factor of 288031852?
False
Is 558 a factor of 378566172?
True
Is 26 a factor of 53913191?
False
Does 254 divide 700059052?
True
Is 21 a factor of 11512473?
True
Does 149 divide 226454888?
False
Is 25269590 a multiple of 164?
False
Is 5809971986 a multiple of 34?
True
Is 6651329 a multiple of 95?
False
Is 14 a factor of 42097188?
True
Is 14 a factor of 101460940?
True
Is 298 a factor of 188754690?
True
Is 76091160 a multiple of 15?
True
Is 1953703140 a multiple of 20?
True
Is 34370532 a multiple of 678?
True
Does 625 divide 432351250?
True
Does 298 divide 70313075?
False
Is 91403138 a multiple of 10?
False
Is 208 a factor of 7345141?
False
Is 1254 a factor of 19947712?
False
Is 4940 a factor of 3131713000?
True
Does 371 divide 41544580?
True
Does 33 divide 5148973731?
True
Is 6833 a factor of 1749784117?
False
Is 2788164333 a multiple of 129?
True
Does 525 divide 5983099?
False
Does 3 divide 21824964?
True
Is 819432062 a multiple of 1682?
False
Is 13 a factor of 971069204?
False
Does 12 divide 43307568?
True
Is 1805641065 a multiple of 135?
True
Is 24 a factor of 45399336?
True
Is 86121893 a multiple of 69?
False
Is 24 a factor of 6456646?
False
Does 7 divide 55712944?
True
Does 16 divide 1875576832?
True
Is 199 a factor of 735678921?
True
Is 3103 a factor of 126960554?
False
Is 75 a factor of 687022725?
True
Is 1264 a factor of 296998288?
True
Is 245760544 a multiple of 351?
False
Is 14 a factor of 67490808?
True
Is 2137382660 a multiple of 610?
True
Is 262036809 a multiple of 112?
False
Does 550 divide 6232050?
True
Does 1517 divide 42356784?
False
Is 14 a factor of 2161845616?
True
Is 5349014 a multiple of 11?
True
Is 8516700 a multiple of 9?
True
Is 338539592 a multiple of 248?
True
Is 811786125 a multiple of 50?
False
Is 832 a factor of 269812191?
False
Does 3678 divide 1127450442?
True
Is 69193694 a multiple of 10?
False
Is 4686036391 a multiple of 2854?
False
Is 1417359675 a multiple of 70?
False
Is 95 a factor of 101671755?
True
Is 1179025793 a multiple of 2827?
True
Is 8 a factor of 337566087?
False
Is 32989656 a multiple of 42?
True
Is 43 a factor of 116818039?
False
Does 8426 divide 1992405374?
False
Is 69556747 a multiple of 7?
False
Is 2147 a factor of 64792166?
True
Is 599 a factor of 249375081?
True
Does 131 divide 316515813?
False
Is 10 a factor of 1366450797?
False
Does 690 divide 89421006?
False
Is 1766028567 a multiple of 20?
False
Does 6 divide 6645500?
False
Does 4 divide 22429812?
True
Is 959821416 a multiple of 12?
True
Does 15 divide 45378423?
False
Is 21 a factor of 1624551390?
True
Does 11 divide 1163118358?
False
Is 287381540 a multiple of 10?
True
Does 22 divide 2954116?
True
Does 5 divide 51427090?
True
Is 28448900 a multiple of 4?
True
Is 30 a factor of 25940990?
False
Is 17 a factor of 173269593?
True
Does 5 divide 114097132?
False
Is 530 a factor of 30003377?
False
Is 10 a factor of 22694299?
False
Does 145 divide 686471464?
False
Is 116 a factor of 413262760?
True
Is 261 a factor of 2335996801?
False
Is 1082 a factor of 2820774?
True
Does 5 divide 9135264?
False
Is 35 a factor of 342704657?
False
Is 43345098 a multiple of 1158?
True
Does 1422 divide 99867379?
False
Is 70 a factor of 337484000?
True
Does 43 divide 353347555?
True
Does 2717 divide 85930559?
True
Is 255 a factor of 51700491?
False
Is 15 a factor of 1414530?
True
Is 1116 a factor of 482413695?
False
Is 8314288 a multiple of 54?
False
Is 78152088 a multiple of 3768?
True
Is 2633215900 a multiple of 12299?
True
Does 11 divide 1536899023?
True
Does 7 divide 6886299?
True
Does 1204 divide 216866888?
True
Does 22 divide 211291225?
False
Is 42 a factor of 666965494?
False
Is 459 a factor of 839683908?
False
Is 57 a factor of 5156934?
False
Does 7 divide 25858805?
True
Is 1903 a factor of 381828075?
False
Does 7 divide 12222419?
False
Does 29 divide 39622979?
False
Does 107 divide 557289804?
False
Does 4 divide 3924580?
True
Does 91 divide 228566611?
True
Is 568131 a multiple of 196?
False
Is 38245511 a multiple of 11?
False
Does 1089 divide 471845152?
False
Is 8 a factor of 32675920?
True
Is 6 a factor of 547552073?
False
Is 33737302 a multiple of 569?
False
Does 2126 divide 380428566?
True
Is 312 a factor of 243850776?
True
Is 916270732 a multiple of 7748?
True
Is 42558147 a multiple of 157?
True
Is 102 a factor of 47750118?
False
Does 2649 divide 300604466?
False
Is 574483500 a multiple of 70?
False
Is 106 a factor of 790887730?
True
Is 29608605 a multiple of 39?
True
Does 333 divide 80106620?
False
Does 3 divide 1707601506?
True
Does 5 divide 7250687?
False
Does 59 divide 33737519?
False
Is 7469170 a multiple of 77?
False
Is 98 a factor of 2584104670?
True
Is 73968200 a multiple of 117?
False
Does 208 divide 365438363?
False
Is 27 a factor of 1844027571?
False
Does 78 divide 1957521306?
True
Is 152342211 a multiple of 1477?
True
Does 243 divide 590806143?
True
Is 269335077 a multiple of 36?
False
Is 1108 a factor of 379036828?
True
Is 18 a factor of 3574575518?
False
Is 22 a factor of 8454138?
True
Is 334 a factor of 6193